
2, 3
Suppose -3*b - 4*a - 92 = 0, 0 = -3*b - 0*b + 5*a - 101. What are the prime factors of 2*4/(b/(-60))?
3, 5
Suppose -117 = -6*p + 177. List the prime factors of p.
7
Suppose 0*x = -4*x + 12. Suppose r + x*r + 28 = 5*n, -n + 4*r = 4. Suppose 0 = w - u + 6*u - 10, 2*w - n = 2*u. What are the prime factors of w?
5
Let o(k) = -k**2 + 6*k - 5. Suppose -3*u = 2*u - 25. Let l be o(u). Suppose 32 = -l*r + 4*r. What are the prime factors of r?
2
Let p(w) be the third derivative of w**6/120 - 2*w**5/15 + w**4/3 + 7*w**3/6 + 2*w**2. What are the prime factors of p(7)?
2, 7
Let s(v) = 2*v**2 - 10*v + 8. Let r = 8 - 0. Let f be s(r). Let w = f + -40. What are the prime factors of w?
2
Let r(u) = 3*u**3 + 2*u**2 + 2*u - 1. Let v = 16 + -14. List the prime factors of r(v).
5, 7
Let m be 4/((-1)/(0 + 1)). What are the prime factors of 15/(-3 - m) - 1?
2, 7
Suppose -5*a + 2*a = 0. Let n = a - -2. Suppose 3*s - 13 = -4*c, -4*c + n*s + 29 + 9 = 0. List the prime factors of c.
7
Let d(i) = -4*i. List the prime factors of d(-7).
2, 7
Let p(n) = -n + 11. Let f(s) = 2*s**2 - 7*s - 9. Let d(z) = 3*z**2 - 7*z - 10. Let j(o) = 4*d(o) - 5*f(o). Let u be j(-4). What are the prime factors of p(u)?
2
Let z(b) = -b**3 - 2 + 2*b**3 - 2*b - 3*b**2 + 0*b**3. Let g(x) = x**3 + 7*x**2 + 4*x - 8. Let i be g(-6). What are the prime factors of z(i)?
2, 3
Let h = -19 + 7. Let v(w) = -3*w**3 - w**2 - w + 1. Let t be v(-2). Let s = t + h. List the prime factors of s.
11
Suppose 5*k - 11 - 19 = 0. What are the prime factors of k?
2, 3
Suppose 0*c - 66 = -3*c. Let w = -18 + c. List the prime factors of w.
2
What are the prime factors of (-11)/((-22)/(-72))*21/(-9)?
2, 3, 7
What are the prime factors of (104/(-6))/(14/(-63))?
2, 3, 13
Let t = -147 - -210. What are the prime factors of t?
3, 7
Suppose -6*h = -h + 390. Let q be (3 + -5)*h/1. What are the prime factors of q/15 - (-3)/5?
11
Let k(n) = n + 1. List the prime factors of k(5).
2, 3
Let y(n) be the first derivative of n**3/3 - 2*n**2 - n + 2. Let i be y(5). Suppose -a = -i, 4*o + 6*a - 48 = 3*a. What are the prime factors of o?
3
Let i = 4 + -4. Suppose 0 = 3*p - 5*q - 1, i = 2*p - q + 6*q - 9. Suppose 2*t = -5*d - 16, -p*d + 0*d = 8. What are the prime factors of t?
2
Let n(c) = -10*c + c**2 + c**3 + 2*c**2 - 3 + 4*c**2 + c. What are the prime factors of n(-8)?
5
Suppose -4*i = 5*x - 18 - 9, -3*i + 29 = 2*x. List the prime factors of i.
13
Let z(x) be the first derivative of -2*x**3 - 15*x**2/2 - 3*x + 2. Let f(m) = 5*m**2 + 14*m + 2. Let s(u) = -7*f(u) - 6*z(u). List the prime factors of s(8).
2
Let c(u) = u**3 - 3*u**2 + 3*u - 2. Let p be c(2). Suppose p = -2*m, 0 = -0*y + 3*y - 3*m - 63. What are the prime factors of y?
3, 7
Suppose 3*t - 4*t + 4 = 0. Suppose -10 = -t*q + 42. List the prime factors of q.
13
Suppose -3*g - 20 = 16. List the prime factors of (-8)/6*54/g.
2, 3
Suppose 0 = -6*d + 5*d + 51. List the prime factors of d.
3, 17
Suppose -2*s - 90 = -5*s + 3*a, 4*s + 3*a - 92 = 0. Suppose -5*l + 6 - s = 0, -3*d - 3*l = -6. List the prime factors of (-5 + 3)/((-4)/d).
3
Let l(o) = 2*o**2 - o + 6. List the prime factors of l(4).
2, 17
Let i(a) = -6*a + 1. Let s(h) be the third derivative of h**5/60 - 5*h**4/24 + h**3/2 - h**2. Let w be s(4). What are the prime factors of i(w)?
7
Let s = 163 + -16. List the prime factors of s.
3, 7
Suppose t + 4 = 0, 5*f - t - 597 = 2*t. Suppose 4*g - f = -3*y, 0*y + 3*y + 2*g - 123 = 0. List the prime factors of y.
43
Suppose -4*u = -4*d - 32, -2*d - u - 17 = 2*d. Let r be ((-6)/(-15))/((-1)/d). Suppose r*s - 3*s + 12 = 0. What are the prime factors of s?
2, 3
Let k(c) = -5*c**3 - c**2 - c - 1. Let u be k(-1). Let x be 3 + 90/u*-2. List the prime factors of (-3)/((x/20)/7).
2, 5
Let f = 50 - 34. Let t = f + -1. List the prime factors of t.
3, 5
Let s be ((-2)/3)/((-2)/(-24)). List the prime factors of (12/s + -2)*-2.
7
Let j = 207 + -136. List the prime factors of j.
71
Let z(q) = -9*q + 8*q**2 - 4 + 0*q**2 - 2*q**2 + 3*q + 3*q**3. Let n(b) = -b**3 + b + 1. Let p(a) = -4*n(a) - z(a). List the prime factors of p(6).
2, 3
Let z be (9/(-6) - -2)*4. Let o be 2 - (-6)/(0 + z). Suppose -o*c - 2*g + 22 = -20, 2*g = -c + 10. What are the prime factors of c?
2
Suppose 4*t + 16 = 108. What are the prime factors of t?
23
Suppose -5*w + 500 = -485. What are the prime factors of w?
197
Let r(u) = -u**2 + 3*u - 3. Let q be r(3). Let n be ((-344)/(-12))/(2/q). Let a = 62 + n. What are the prime factors of a?
19
Suppose 0 = -11*q + 492 + 454. What are the prime factors of q?
2, 43
Let a be (-151)/6 + 2/12. Let w = 42 + a. What are the prime factors of w?
17
Let m = -52 + 92. What are the prime factors of (-5)/15 + m/3?
13
Let s = 274 - 135. What are the prime factors of s?
139
Let d(c) = -c**2 + 13*c + 4. List the prime factors of d(6).
2, 23
Let c(j) = -j + 2 + 1 - 6*j. Let h be c(2). Let i = 18 + h. List the prime factors of i.
7
Suppose 5*y = -20, 4*i + 125 = 7*i - 2*y. Suppose w - 1 = -0*w - 3*h, -i = -4*w - 5*h. What are the prime factors of w?
2
Suppose -r + 4 - 1 = 0. What are the prime factors of 4/6*(r + 0)?
2
Let f = -228 - -487. List the prime factors of f.
7, 37
Let x be (27/(-5))/((-21)/70). Suppose 165 = 3*w + 2*w. Let c = w - x. List the prime factors of c.
3, 5
Let g = -3 - -22. List the prime factors of g.
19
Suppose -o + 2 = 1. What are the prime factors of o*(5 - 3 - 0)?
2
Suppose -4*k + 223 = 7. What are the prime factors of k?
2, 3
Suppose 5*n - 417 = 3*u - u, 4*u = 5*n - 419. List the prime factors of n.
83
List the prime factors of 68/(-8)*-1*4.
2, 17
Let x be (-2 + (-16)/(-6))*3. Suppose x*k - 37 = k. Suppose -13 - k = -5*y. List the prime factors of y.
2, 5
Suppose -156 = -5*t + 4*t. Let q be t/(-20) - (-1)/(-5). Let w = 6 - q. List the prime factors of w.
2, 7
Suppose -5*f - 5*g = -55, -3*g + 15 = 3*f - 2*f. Suppose f*s = 4*s + 10. List the prime factors of s.
2
Suppose -2*x + 9 = 5. What are the prime factors of x?
2
Suppose 0 = 3*y - y - 54. What are the prime factors of y?
3
Let g = 86 + 36. What are the prime factors of g?
2, 61
Suppose 8*r + 40 = 12*r. What are the prime factors of r?
2, 5
Let n(r) = -15*r - 1. List the prime factors of n(-5).
2, 37
Suppose -3*d + 375 = -5*q, -4*d - q = -2*q - 517. List the prime factors of d.
2, 5, 13
Let t(d) = 9*d + 7. List the prime factors of t(0).
7
Let v(h) = h**3 + 8*h**2 + 12. What are the prime factors of v(-6)?
2, 3, 7
Suppose -3*n + n + 165 = 5*z, -4*z - 236 = -3*n. What are the prime factors of n?
2, 5
Let i = 71 - 30. What are the prime factors of i?
41
Let m be (-4)/(3*2/(-3)). Suppose -3*j = -m*u + 6, u - 4*j = -2*u + 9. List the prime factors of u.
3
Let p(o) = 13*o - 5. Let v be p(-5). Let u = 105 + v. Let j = -20 + u. List the prime factors of j.
3, 5
Suppose -2*l + l + 3*d = -152, -2*l + 304 = -5*d. What are the prime factors of l?
2, 19
List the prime factors of 200/9 + 14/(-63).
2, 11
Let b = -11 + 36. List the prime factors of b.
5
Let t = 4 + -2. Suppose -h - 27 = -4*h - f, 0 = -5*h - t*f + 45. What are the prime factors of h?
3
Suppose 22 = g - 11. Suppose -117 = 4*k - g. Let t = k - -29. What are the prime factors of t?
2
Let u(q) = q**3 + 6*q**2 - 10*q + 2. Let k be u(-7). Suppose 5*m + 3 = k. List the prime factors of m.
2
Suppose 0 = -k - 3, -k - 23 = -2*m - 2*m. What are the prime factors of m?
5
Let o be (18/(-45))/(2/110). Let m be 2/(-3) + 285/9. Let v = m + o. What are the prime factors of v?
3
Let r be 0/(1/(-1)*-1). Suppose 2*f - 10 = -2*u, r = -4*u - 6 - 10. Let y = -5 + f. What are the prime factors of y?
2
Suppose 0 = -r - 12 + 4. Let m = r + 19. Suppose 3*o + m = 44. What are the prime factors of o?
11
Let z(j) = -j**3 - 5*j**2 + 5*j + 1. Let m be (13 - 1)*2/(-4). List the prime factors of z(m).
7
Let z = -1 - -30. Let d = z - 21. List the prime factors of d.
2
Let s be (-1)/(-3) + (-1)/3. Suppose s*m - 72 = -3*m. What are the prime factors of m?
2, 3
Let p(h) be the first derivative of 19*h**3 + h + 5. What are the prime factors of p(1)?
2, 29
Let z = 86 - 39. What are the prime factors of z?
47
Let y(d) = -d**3 + d**2 + d - 4. Let w be y(0). What are the prime factors of w/(-4) + 0 + 30?
31
Suppose -2*h = -2*a + 16, 4*a - 76 = -a - 4*h. Let y = 15 - a. List the prime factors of y.
3
Let j